 17 a factor of ((-2)/j - 1) + 19?
True
Let x(u) = u. Let d(y) = 13*y + 7. Let c(l) = d(l) - 4*x(l). Let f be c(5). Suppose 2*h - 38 = f. Is h a multiple of 16?
False
Let q(m) = -m + 11. Is 6 a factor of q(-7)?
True
Suppose 4*k + 3 = -9. Let a(q) = q**3 + 2*q**2 - 4*q + 1. Is a(k) even?
True
Suppose 4 = 2*u - 0. Suppose 0 = -3*h, -128 = -o - 3*o - u*h. Is 15 a factor of o?
False
Let z = 34 + 0. Let o = z + 2. Is o a multiple of 18?
True
Suppose 4*i + 5*t - 28 = 2*i, -4*t = 3*i - 35. Is (i + -2 - 0)*2 a multiple of 8?
False
Let y(u) = 110*u + 2. Is 14 a factor of y(1)?
True
Let h(i) = 10*i**2 + 3*i + 27. Is h(-5) a multiple of 22?
False
Is 11 a factor of 7 - (-2 + (-2 - 0))?
True
Suppose 0 = 10*l - 5*l - 740. Is l a multiple of 53?
False
Let c = -12 + 8. Let l(f) = f + 0 + 1 - 6*f. Is l(c) a multiple of 21?
True
Suppose 4 + 14 = 3*w + 3*i, 29 = 4*w - i. Is w a multiple of 4?
False
Let a(u) = -u**3 + 4*u - 2*u**3 - 4*u**2 - 6 + 2*u**3. Does 14 divide a(-6)?
True
Let k be 36/14 - 18/(-42). Let t(s) = -s**3 + 6*s**2 - 5*s + 3. Is 14 a factor of t(k)?
False
Suppose 20 = n - 4*d, 0 = 5*n + 6*d - 4*d - 188. Is 9 a factor of n?
True
Let w be (-1 + -1 - -3) + 3. Suppose -2*q = g - w + 7, 5*q = -5*g - 15. Suppose 0 = -4*x + 3*y - 0*y + 36, y + 4 = q. Is x a multiple of 3?
True
Suppose 4*v = -z - 17, -4*z + 5*v = -15 - 22. Suppose 2*i + 50 = -z*i. Let j = -2 - i. Is j a multiple of 4?
True
Let q = -1 - 2. Let x be 32/6*18/q. Let r = 58 + x. Does 8 divide r?
False
Suppose -6*o + 2*o = -u - 13, 0 = -4*u - 4*o + 28. Suppose 4*j - 26 = -5*y, -u*j = 2*j + 3*y - 26. Suppose 2*l = j + 8. Is l a multiple of 6?
True
Let n(z) = -6*z**2 - 2*z + 3. Let u(s) = -6*s**2 - 2*s + 3. Let d(x) = -6*n(x) + 5*u(x). Let p be -2*(2 - (-1)/(-2)). Is 15 a factor of d(p)?
True
Let a(v) = -2 + 3*v**3 + 3*v**3 + 4 - 5*v**3 - 2*v - 5*v**2. Let d be a(6). Let t = d - 2. Is 12 a factor of t?
True
Suppose 0 = p + 19 - 110. Does 14 divide p?
False
Suppose 0 = 2*q + 4*i - 94, -q = -5*q - 3*i + 168. Is q a multiple of 13?
True
Is 11 a factor of (-2)/4 - 2/((-16)/508)?
False
Suppose 4*y - c = 141, -y + 1 = -4*c - 53. Suppose y = 5*g - 26. Is g a multiple of 8?
False
Suppose -4*u - 96 = 8. Let v = -4 - u. Is 10 a factor of v?
False
Let h(d) = 3*d - 3. Does 2 divide h(4)?
False
Let w be 8/20 - (-613)/5. Let c = w - 59. Does 32 divide c?
True
Suppose 18*g + 125 = 23*g. Is g a multiple of 3?
False
Suppose 5*g = 2*g + 36. Is 4 a factor of g?
True
Suppose -4*g - 4*k + 5*k + 36 = 0, 3*k = 4*g - 44. Let r = 12 + g. Is r a multiple of 10?
True
Suppose 52 = -3*d + 4*w, d - 4*w = 10 - 38. Let l(s) = s**3 + 13*s**2 + 10*s - 15. Is l(d) a multiple of 6?
False
Let k(p) = p**3 - 5*p**2 - 4*p - 6. Let s be ((-16)/20)/((-2)/15). Does 3 divide k(s)?
True
Let j(h) = 4*h + 4. Let a = -3 + 10. Let b(y) = -9*y - 7. Let r(x) = a*j(x) + 4*b(x). Is r(-2) a multiple of 8?
True
Let j(h) = 5*h**3 + 4*h**2 - 3*h + 9. Let w(a) = 11*a**3 + 7*a**2 - 5*a + 18. Let n(v) = -9*j(v) + 4*w(v). Let g be n(-9). Let m = g - -10. Does 13 divide m?
False
Let v(c) = -c**3 - 9*c**2 + 6*c. Let m be v(-10). Suppose r + 3*r - m = 0. Does 10 divide r?
True
Suppose -2*c = -2*o - 4*c - 2, -4*o - 5*c = 7. Suppose o*x + 4 = 42. Is 4 a factor of x?
False
Let d = -9 - -3. Let f be (-752)/d - 4/(-6). Is (-4)/(-10) + f/10 a multiple of 5?
False
Let m(y) = y**2 + 8*y + 7. Let w be m(-7). Suppose -2*g + 0*b + 2*b + 12 = w, 3*g = -5*b - 22. Suppose -16 = -j - g. Is j a multiple of 15?
True
Suppose -z = z - 422. Suppose -2*b + z = o + 6, o + 5 = 0. Let y = b - 67. Is y a multiple of 13?
False
Suppose -68 = 6*c - 10*c. Does 4 divide c?
False
Suppose -166 = -5*o - 16. Does 6 divide o?
True
Let s(z) be the second derivative of 7*z**4/3 - z**3/2 - z**2 + 3*z. Let m be s(-2). Suppose 0 = 4*a + 5*l - m, 2*a + 80 = 5*a + 2*l. Is a a multiple of 8?
True
Suppose 0 = 4*s + 5*a - 504, -s - a - 601 = -6*s. Is 16 a factor of s?
False
Let q(c) = -6 + 2 + 2 - c. Let h be q(-3). Does 5 divide h*4/6*9?
False
Suppose 13 = 3*u + 5*l, u = -0*u - 4*l + 2. Suppose x = u - 0. Is 6 a factor of x?
True
Suppose -4*i = 3*q - 0*q - 54, -91 = -4*q + i. Is q a multiple of 11?
True
Let q(w) be the second derivative of w**4/6 + 5*w**3/6 + 3*w**2/2 + w. Let f(h) = 2*h**3 + 6*h**2 - 4. Let y be f(-3). Is 15 a factor of q(y)?
True
Let p(w) = w**3 - 6*w**2 - 8*w + 2. Is p(8) a multiple of 22?
True
Let q(y) = -y - 3. Let o be q(-3). Suppose -3*p = -o*p - 72. Is p a multiple of 10?
False
Let d(g) = -g + 13. Let s(l) = 2*l - 40. Let q(i) = -7*d(i) - 2*s(i). Let a = -2 + 10. Is q(a) a multiple of 13?
True
Let b(k) = -2*k + 1. Let m be b(-1). Suppose 2*y + 10 = m*i - 43, -3*i - 2*y + 61 = 0. Is i a multiple of 15?
False
Suppose 3*o - 4*k - 184 = 0, -o - 2*o + 224 = 4*k. Is o a multiple of 3?
False
Suppose 0 = 4*f - 3*f + 1, 4*b - 722 = 2*f. Is 20 a factor of b?
True
Let s(k) = -14*k**3 - 29*k**2 + 7*k - 4. Let i(h) = -5*h**3 - 10*h**2 + 2*h - 1. Let d(j) = -11*i(j) + 4*s(j). Is d(-8) a multiple of 25?
True
Let g(m) be the second derivative of m**5/20 + 7*m**4/12 - 7*m**3/6 + 3*m**2 - m. Is g(-7) a multiple of 21?
False
Let b = 138 - 54. Suppose b = -4*z - 0*z. Is 4 a factor of 7/2*(-60)/z?
False
Suppose 0 = 4*k - 2*p - 266, 2*k - 216 = -k - 4*p. Does 19 divide k?
False
Suppose 0 = -2*v - h - 1, -3 = 8*v - 3*v + 2*h. Is 205/4 + v/4 a multiple of 13?
False
Let i = -65 - -93. Is 9 a factor of i?
False
Let u = 291 + -63. Is u a multiple of 20?
False
Suppose -2 + 7 = 5*o. Suppose 2*u = 5 + o. Is 2 a factor of u?
False
Suppose 0 = 3*s - 4*s + 1. Let k be (1 + 0)*5 + s. Let y = 2 + k. Does 6 divide y?
False
Let d = 12 - 2. Let s = d + 10. Let u = s - 7. Is u a multiple of 6?
False
Suppose 4*q + 8 = -0. Let j(x) = 2*x**2 - 2*x. Is 5 a factor of j(q)?
False
Suppose 0 = -3*f - 5*t - 22, -t = 2*t + 15. Let i = f - 5. Is 18 - (-2)/4*i a multiple of 15?
False
Suppose 4*b - 201 = 2*t + 257, 2*t = -6. Is b a multiple of 11?
False
Suppose 8 = -z - 13. Is (-7)/z + 16/6 a multiple of 3?
True
Let j(d) = d**3 + 6*d**2 + 6*d + 5. Let f be j(-5). Suppose -2*l - 159 = -5*c - 0*l, -c + 3*l + 24 = f. Does 11 divide c?
True
Suppose -r = -4*r + 72. Suppose r + 0 = 4*d. Is 11 a factor of 22 + (d/(-3) - -2)?
True
Let d = 2 + 25. Is d a multiple of 7?
False
Let x(f) be the second derivative of 13*f**3/6 - 9*f**2 + 6*f. Is 15 a factor of x(6)?
True
Suppose v + 15 = 6*v. Let j(s) = s**2 + 3*s - 4. Does 14 divide j(v)?
True
Suppose 0*r - 29 = -5*s - 4*r, 9 = s + 4*r. Suppose 0*w = -s*x - 5*w + 40, -5*x + 3*w + 72 = 0. Is 6 a factor of x?
True
Let d be 775/10 - (-6)/(-4). Suppose 0 = 5*i - 174 - d. Does 18 divide i?
False
Suppose -2*s = -q + 146, -q - 3*s = -86 - 80. Does 11 divide q?
True
Suppose 0*v = -v + 11. Is v a multiple of 3?
False
Suppose -5*q = 3*f - q - 9, 6 = 2*f - 5*q. Suppose -2*n - p = -17, f*p = 5*n + p - 65. Is n a multiple of 7?
False
Let i be (1*-3)/((-18)/12). Suppose i*t + 0*t = 48. Does 10 divide t?
False
Let p(t) = -14*t + 2. Is 15 a factor of p(-2)?
True
Let l = 1 + 12. Let h = 18 - l. Suppose -h*m + d = -36, 2*d - 32 = -2*m - 2*d. Is 8 a factor of m?
True
Suppose 4 = d, -5*x - 16 - 34 = -5*d. Let r(a) = -7*a - 9. Is r(x) a multiple of 18?
False
Let x = 39 - 27. Let d = x + -2. Is 7 a factor of d?
False
Suppose 4*y + 5*s = -3, 2*s - 4 = 2*y - 16. Is (-6)/(-4)*20/y a multiple of 10?
True
Let s(d) = -d**3 + d**2 + 3. Let c be s(0). Suppose 0 = 3*v - 19 - 152. Suppose 3*y = -4*o + 55, 2*y + y + v = c*o. Is 8 a factor of o?
True
Let d = 0 - 34. Suppose 4*x = 3*q + 23, -2*q = -4*x - 7*q + 47. Is d/(-9) + x/36 a multiple of 4?
True
Let w = 51 + -25. Let b be (-10)/4*(2 + -4). Suppose 5*c - 75 = b*q, 0 = 2*c + 3*q - 6*q - w. Is c a multiple of 14?
False
Suppose 0 = 3*d - 44 + 8. Let b = d + -20. Is 4 a factor of b/(0/(-3) - 1)?
True
Let j(x) = -x**3 + 5*x**2 + 6. Let z be 1/2 - (-36)/8. Is j(z) a multiple of 4?
False
Let j(z) = 8*z + 22. Let h be j(9). Suppose 4*u - 62 = h. Is 13 a factor of u?
True
Let g = -155 - -300. Suppose -6*m = -m - g. Is m a multiple of 10?
False
Suppose -4*j - 38 = -6*j. Does 10 divide j?
False
Suppose l + 4*u = 0, -1 = 3*u + 5. Does 5 divide l?
False
Let z = -19 - -26. Is 1*-1 - (z + -10) a multiple of 2?
True
Let o(s) = -s**3 + s**2 + 2*s + 6. Is o(-3) a multiple of 36?
Tru